{"id":14,"date":"2025-02-12T23:25:52","date_gmt":"2025-02-12T23:25:52","guid":{"rendered":"https:\/\/easy-house.net\/lux\/?page_id=14"},"modified":"2025-02-21T08:59:38","modified_gmt":"2025-02-21T08:59:38","slug":"services","status":"publish","type":"page","link":"https:\/\/easy-house.net\/lux\/services\/","title":{"rendered":"Services"},"content":{"rendered":"\t\t<div data-elementor-type=\"wp-page\" data-elementor-id=\"14\" class=\"elementor elementor-14\" data-elementor-post-type=\"page\">\n\t\t\t\t<div class=\"elementor-element elementor-element-55964d73 e-con-full e-flex e-con e-parent\" data-id=\"55964d73\" data-element_type=\"container\" data-settings=\"{&quot;background_background&quot;:&quot;classic&quot;}\">\n\t\t\t\t<\/div>\n\t\t<div class=\"elementor-element elementor-element-21cbbb2 e-flex e-con-boxed e-con e-parent\" data-id=\"21cbbb2\" data-element_type=\"container\">\n\t\t\t\t\t<div class=\"e-con-inner\">\n\t\t\t\t<div class=\"elementor-element elementor-element-383519d elementor-widget elementor-widget-heading\" data-id=\"383519d\" data-element_type=\"widget\" data-widget_type=\"heading.default\">\n\t\t\t\t<div class=\"elementor-widget-container\">\n\t\t\t\t\t<h2 class=\"elementor-heading-title elementor-size-default\">Vente Immobili\u00e8re sur les Trois Fronti\u00e8res<\/h2>\t\t\t\t<\/div>\n\t\t\t\t<\/div>\n\t\t\t\t\t<\/div>\n\t\t\t\t<\/div>\n\t\t<div class=\"elementor-element elementor-element-45392fb e-flex e-con-boxed e-con e-parent\" data-id=\"45392fb\" data-element_type=\"container\">\n\t\t\t\t\t<div class=\"e-con-inner\">\n\t\t\t\t<div class=\"elementor-element elementor-element-1fe3bab elementor-widget elementor-widget-text-editor\" data-id=\"1fe3bab\" data-element_type=\"widget\" data-widget_type=\"text-editor.default\">\n\t\t\t\t<div class=\"elementor-widget-container\">\n\t\t\t\t\t\t\t\t\t<p data-start=\"55\" data-end=\"530\"><strong>EASY HOUSE\u00a0facilite la vente de biens sur les trois fronti\u00e8res, en vous garantissant un service complet et de haute qualit\u00e9 pour concr\u00e9tiser vos projets immobiliers. Nous r\u00e9alisons une estimation gratuite et personnalis\u00e9e sur place, avec la possibilit\u00e9 d\u2019obtenir une estimation rapide et s\u00e9curis\u00e9e via WhatsApp pour plus de commodit\u00e9. De plus, nous offrons le certificat \u00e9nerg\u00e9tique sans frais, soulignant ainsi notre engagement envers la transparence et l\u2019excellence.<\/strong><\/p><p data-start=\"532\" data-end=\"682\"><strong>Faites-nous confiance pour vivre une exp\u00e9rience immobili\u00e8re unique, o\u00f9 professionnalisme, r\u00e9activit\u00e9 et service personnalis\u00e9 font toute la diff\u00e9rence.<\/strong><\/p>\t\t\t\t\t\t\t\t<\/div>\n\t\t\t\t<\/div>\n\t\t\t\t\t<\/div>\n\t\t\t\t<\/div>\n\t\t\t\t<\/div>\n\t\t","protected":false},"excerpt":{"rendered":"<p>Vente Immobili\u00e8re sur les Trois Fronti\u00e8res EASY HOUSE\u00a0facilite la vente de biens sur les trois fronti\u00e8res, en vous garantissant un service complet et de haute qualit\u00e9 pour concr\u00e9tiser vos projets immobiliers. Nous r\u00e9alisons une estimation gratuite et personnalis\u00e9e sur place, avec la possibilit\u00e9 d\u2019obtenir une estimation rapide et s\u00e9curis\u00e9e via WhatsApp pour plus de commodit\u00e9. [&hellip;]<\/p>\n","protected":false},"author":1,"featured_media":0,"parent":0,"menu_order":0,"comment_status":"closed","ping_status":"closed","template":"elementor_header_footer","meta":{"_acf_changed":false,"pagelayer_contact_templates":[],"_pagelayer_content":"","footnotes":""},"class_list":["post-14","page","type-page","status-publish","hentry"],"acf":[],"yoast_head":"<!-- This site is optimized with the Yoast SEO plugin v24.9 - https:\/\/yoast.com\/wordpress\/plugins\/seo\/ -->\n<title>Services -<\/title>\n<meta name=\"robots\" content=\"index, follow, max-snippet:-1, max-image-preview:large, max-video-preview:-1\" \/>\n<link rel=\"canonical\" href=\"https:\/\/easy-house.net\/lux\/services\/\" \/>\n<meta property=\"og:locale\" content=\"fr_FR\" \/>\n<meta property=\"og:type\" content=\"article\" \/>\n<meta property=\"og:title\" content=\"Services -\" \/>\n<meta property=\"og:description\" content=\"Vente Immobili\u00e8re sur les Trois Fronti\u00e8res EASY HOUSE\u00a0facilite la vente de biens sur les trois fronti\u00e8res, en vous garantissant un service complet et de haute qualit\u00e9 pour concr\u00e9tiser vos projets immobiliers. Nous r\u00e9alisons une estimation gratuite et personnalis\u00e9e sur place, avec la possibilit\u00e9 d\u2019obtenir une estimation rapide et s\u00e9curis\u00e9e via WhatsApp pour plus de commodit\u00e9. [&hellip;]\" \/>\n<meta property=\"og:url\" content=\"https:\/\/easy-house.net\/lux\/services\/\" \/>\n<meta property=\"article:modified_time\" content=\"2025-02-21T08:59:38+00:00\" \/>\n<meta name=\"twitter:card\" content=\"summary_large_image\" \/>\n<meta name=\"twitter:label1\" content=\"Dur\u00e9e de lecture estim\u00e9e\" \/>\n\t<meta name=\"twitter:data1\" content=\"1 minute\" \/>\n<script type=\"application\/ld+json\" class=\"yoast-schema-graph\">{\"@context\":\"https:\/\/schema.org\",\"@graph\":[{\"@type\":\"WebPage\",\"@id\":\"https:\/\/easy-house.net\/lux\/services\/\",\"url\":\"https:\/\/easy-house.net\/lux\/services\/\",\"name\":\"Services -\",\"isPartOf\":{\"@id\":\"https:\/\/easy-house.net\/lux\/#website\"},\"datePublished\":\"2025-02-12T23:25:52+00:00\",\"dateModified\":\"2025-02-21T08:59:38+00:00\",\"breadcrumb\":{\"@id\":\"https:\/\/easy-house.net\/lux\/services\/#breadcrumb\"},\"inLanguage\":\"fr-FR\",\"potentialAction\":[{\"@type\":\"ReadAction\",\"target\":[\"https:\/\/easy-house.net\/lux\/services\/\"]}]},{\"@type\":\"BreadcrumbList\",\"@id\":\"https:\/\/easy-house.net\/lux\/services\/#breadcrumb\",\"itemListElement\":[{\"@type\":\"ListItem\",\"position\":1,\"name\":\"Accueil\",\"item\":\"https:\/\/easy-house.net\/lux\/\"},{\"@type\":\"ListItem\",\"position\":2,\"name\":\"Services\"}]},{\"@type\":\"WebSite\",\"@id\":\"https:\/\/easy-house.net\/lux\/#website\",\"url\":\"https:\/\/easy-house.net\/lux\/\",\"name\":\"\",\"description\":\"\",\"potentialAction\":[{\"@type\":\"SearchAction\",\"target\":{\"@type\":\"EntryPoint\",\"urlTemplate\":\"https:\/\/easy-house.net\/lux\/?s={search_term_string}\"},\"query-input\":{\"@type\":\"PropertyValueSpecification\",\"valueRequired\":true,\"valueName\":\"search_term_string\"}}],\"inLanguage\":\"fr-FR\"}]}<\/script>\n<!-- \/ Yoast SEO plugin. -->","yoast_head_json":{"title":"Services -","robots":{"index":"index","follow":"follow","max-snippet":"max-snippet:-1","max-image-preview":"max-image-preview:large","max-video-preview":"max-video-preview:-1"},"canonical":"https:\/\/easy-house.net\/lux\/services\/","og_locale":"fr_FR","og_type":"article","og_title":"Services -","og_description":"Vente Immobili\u00e8re sur les Trois Fronti\u00e8res EASY HOUSE\u00a0facilite la vente de biens sur les trois fronti\u00e8res, en vous garantissant un service complet et de haute qualit\u00e9 pour concr\u00e9tiser vos projets immobiliers. Nous r\u00e9alisons une estimation gratuite et personnalis\u00e9e sur place, avec la possibilit\u00e9 d\u2019obtenir une estimation rapide et s\u00e9curis\u00e9e via WhatsApp pour plus de commodit\u00e9. [&hellip;]","og_url":"https:\/\/easy-house.net\/lux\/services\/","article_modified_time":"2025-02-21T08:59:38+00:00","twitter_card":"summary_large_image","twitter_misc":{"Dur\u00e9e de lecture estim\u00e9e":"1 minute"},"schema":{"@context":"https:\/\/schema.org","@graph":[{"@type":"WebPage","@id":"https:\/\/easy-house.net\/lux\/services\/","url":"https:\/\/easy-house.net\/lux\/services\/","name":"Services -","isPartOf":{"@id":"https:\/\/easy-house.net\/lux\/#website"},"datePublished":"2025-02-12T23:25:52+00:00","dateModified":"2025-02-21T08:59:38+00:00","breadcrumb":{"@id":"https:\/\/easy-house.net\/lux\/services\/#breadcrumb"},"inLanguage":"fr-FR","potentialAction":[{"@type":"ReadAction","target":["https:\/\/easy-house.net\/lux\/services\/"]}]},{"@type":"BreadcrumbList","@id":"https:\/\/easy-house.net\/lux\/services\/#breadcrumb","itemListElement":[{"@type":"ListItem","position":1,"name":"Accueil","item":"https:\/\/easy-house.net\/lux\/"},{"@type":"ListItem","position":2,"name":"Services"}]},{"@type":"WebSite","@id":"https:\/\/easy-house.net\/lux\/#website","url":"https:\/\/easy-house.net\/lux\/","name":"","description":"","potentialAction":[{"@type":"SearchAction","target":{"@type":"EntryPoint","urlTemplate":"https:\/\/easy-house.net\/lux\/?s={search_term_string}"},"query-input":{"@type":"PropertyValueSpecification","valueRequired":true,"valueName":"search_term_string"}}],"inLanguage":"fr-FR"}]}},"_links":{"self":[{"href":"https:\/\/easy-house.net\/lux\/wp-json\/wp\/v2\/pages\/14","targetHints":{"allow":["GET"]}}],"collection":[{"href":"https:\/\/easy-house.net\/lux\/wp-json\/wp\/v2\/pages"}],"about":[{"href":"https:\/\/easy-house.net\/lux\/wp-json\/wp\/v2\/types\/page"}],"author":[{"embeddable":true,"href":"https:\/\/easy-house.net\/lux\/wp-json\/wp\/v2\/users\/1"}],"replies":[{"embeddable":true,"href":"https:\/\/easy-house.net\/lux\/wp-json\/wp\/v2\/comments?post=14"}],"version-history":[{"count":7,"href":"https:\/\/easy-house.net\/lux\/wp-json\/wp\/v2\/pages\/14\/revisions"}],"predecessor-version":[{"id":252,"href":"https:\/\/easy-house.net\/lux\/wp-json\/wp\/v2\/pages\/14\/revisions\/252"}],"wp:attachment":[{"href":"https:\/\/easy-house.net\/lux\/wp-json\/wp\/v2\/media?parent=14"}],"curies":[{"name":"wp","href":"https:\/\/api.w.org\/{rel}","templated":true}]}}